079 composite?
False
Is 222409 composite?
True
Is 4897 a prime number?
False
Is 6803 composite?
False
Is 16495 composite?
True
Is 804179 composite?
False
Is 48283 a composite number?
True
Is 8657 composite?
True
Is 5903 a prime number?
True
Is 11569 composite?
True
Is 216607 a composite number?
False
Is 281495 a composite number?
True
Is 605695 composite?
True
Is 168449 a prime number?
True
Is 637409 a composite number?
False
Is 60413 composite?
False
Is 332245 composite?
True
Is 204311 a prime number?
True
Is 18637 a prime number?
True
Is 74759 a prime number?
True
Is 93085 composite?
True
Is 7849 composite?
True
Is 39499 a prime number?
True
Is 175129 a prime number?
True
Is 6599 composite?
False
Is 135919 a prime number?
False
Is 482585 composite?
True
Is 3163 a composite number?
False
Is 5815 a composite number?
True
Is 59839 a composite number?
True
Is 11459 a prime number?
False
Is 3042107 a prime number?
True
Is 6637 a composite number?
False
Is 1687435 composite?
True
Is 1532263 composite?
True
Is 178993 prime?
False
Is 1155579 prime?
False
Is 85691 a composite number?
False
Is 267 composite?
True
Is 34171 prime?
True
Is 22711 composite?
True
Is 4033 composite?
True
Is 34981 a composite number?
False
Is 1125061 composite?
True
Is 1756549 a composite number?
False
Is 416033 prime?
False
Is 66245 composite?
True
Is 26539 composite?
False
Is 6739 prime?
False
Is 2963869 prime?
True
Is 8095 composite?
True
Is 326435 a composite number?
True
Is 565661 composite?
False
Is 22546 prime?
False
Is 4033 composite?
True
Is 13929 composite?
True
Is 14143 a composite number?
False
Is 8079 prime?
False
Is 20581 composite?
True
Is 442729 composite?
True
Is 2600083 composite?
True
Is 421063 composite?
True
Is 326437 a prime number?
True
Is 193061 a composite number?
True
Is 36523 composite?
False
Is 613877 a composite number?
True
Is 9527 prime?
False
Is 18319 a prime number?
False
Is 6121 a composite number?
False
Is 133645 a composite number?
True
Is 4166095 prime?
False
Is 5147 composite?
False
Is 3935 a composite number?
True
Is 12657 prime?
False
Is 17693 composite?
True
Is 979477 composite?
True
Is 254227 composite?
True
Is 7501 a composite number?
True
Is 558053 a prime number?
True
Is 788129 a prime number?
True
Is 278815 prime?
False
Is 647779 a composite number?
True
Is 415357 composite?
True
Is 103913 a prime number?
True
Is 86753 composite?
False
Is 89591 a prime number?
True
Is 5791 prime?
True
Is 10727 a prime number?
False
Is 170743 a composite number?
True
Is 189061 prime?
True
Is 895901 a prime number?
True
Is 51257 prime?
True
Is 61669 composite?
True
Is 893 prime?
False
Is 935174 prime?
False
Is 128813 a prime number?
True
Is 2777 prime?
True
Is 64789 a composite number?
True
Is 322321 a composite number?
True
Is 284293 composite?
False
Is 1121233 a composite number?
True
Is 57487 prime?
True
Is 7051 a composite number?
True
Is 3377 a prime number?
False
Is 746 a prime number?
False
Is 389 prime?
True
Is 4141 prime?
False
Is 105613 a composite number?
False
Is 1285 a prime number?
False
Is 30985 a prime number?
False
Is 110991 composite?
True
Is 25523 prime?
True
Is 26963 prime?
False
Is 257053 a prime number?
True
Is 662 a prime number?
False
Is 209 composite?
True
Is 5039 a prime number?
True
Is 7583 a prime number?
True
Is 31009 a prime number?
False
Is 208595 prime?
False
Is 75289 a prime number?
True
Is 296321 prime?
False
Is 338493 a composite number?
True
Is 3569477 prime?
True
Is 59497 composite?
False
Is 15107 prime?
True
Is 1082 prime?
False
Is 351437 prime?
True
Is 1073 a prime number?
False
Is 1711 composite?
True
Is 79 prime?
True
Is 97919 a prime number?
True
Is 20477 composite?
False
Is 21729 a prime number?
False
Is 8081 composite?
False
Is 100511 prime?
True
Is 9403 a prime number?
True
Is 44263 a prime number?
True
Is 559043 a prime number?
False
Is 57347 prime?
True
Is 38039 a composite number?
False
Is 9127 a composite number?
False
Is 116231 composite?
True
Is 34507 a composite number?
True
Is 2953 a composite number?
False
Is 106231 composite?
True
Is 8353 a prime number?
True
Is 129031 a prime number?
False
Is 15601 composite?
False
Is 65353 a composite number?
False
Is 16237 a prime number?
False
Is 687893 a composite number?
False
Is 6109 a prime number?
False
Is 521 composite?
False
Is 81751 a prime number?
False
Is 914 a composite number?
True
Is 167381 a composite number?
False
Is 41698 a prime number?
False
Is 38978 a prime number?
False
Is 32543 prime?
False
Is 282077 a prime number?
False
Is 32099 a composite number?
False
Is 6863 a composite number?
False
Is 8261 a composite number?
True
Is 16787 a composite number?
False
Is 1709 prime?
True
Is 5903 a prime number?
True
Is 1267 a composite number?
True
Is 223349 composite?
True
Is 51655 a composite number?
True
Is 87443 prime?
True
Is 167129 composite?
True
Is 67741 composite?
False
Is 85321 composite?
True
Is 948377 a prime number?
True
Is 14857 a composite number?
True
Is 558143 composite?
True
Is 94181 prime?
False
Is 147311 a composite number?
False
Is 72193 a composite number?
True
Is 4137685 prime?
False
Is 137507 prime?
True
Is 12097 prime?
True
Is 30187 a prime number?
True
Is 3223 prime?
False
Is 11127 a prime number?
False
Is 21745 prime?
False
Is 1259 composite?
False
Is 13001 a prime number?
True
Is 17002 prime?
False
Is 43523 prime?
False
Is 8347 a prime number?
False
Is 69838 a composite number?
True
Is 8717 a composite number?
True
Is 1228373 a composite number?
False
Is 91493 a composite number?
False
Is 3407 composite?
False
Is 6257 a composite number?
False
Is 100447 prime?
True
Is 10037 composite?
False
Is 99377 prime?
True
Is 1147 composite?
True
Is 10817 a composite number?
True
Is 276509 prime?
False
Is 19385 composite?
True
Is 489157 composite?
False
Is 27127 prime?
True
Is 361723 prime?
True
Is 328163 a composite number?
True
Is 1079 a composite number?
True
Is 61823 a prime number?
False
Is 587 a composite number?
False
Is 4783 a composite number?
False
Is 8623 composite?
False
Is 583249 prime?
True
Is 347903 a prime number?
False
Is 17401 composite?
False
Is 1714 composite?
True
Is 42803 prime?
False
Is 14387 prime?
True
Is 452405 prime?
False
Is 3989 a prime number?
True
Is 20249 prime?
True
Is 127787 a composite number?
True
Is 218 prime?
False
Is 83513 prime?
False
Is 194053 a composite number?
True
Is 2579 a prime number?
True
Is 21059 composite?
False
Is 1194409 prime?
False
Is 134171 a prime number?
True
Is 693967 composite?
False
Is 164717 a prime number?
False
Is 25087 prime?
True
Is 5489 a composite number?
True
Is 5017 composite?
True
Is 12889 a prime number?
True
Is 414607 composite?
False
Is 521137 a composite number?
False
Is 182317 composite?
True
Is 25679 prime?
True
Is 6953 a composite number?
True
Is 20411 composite?
False
Is 357967 composite?
False
Is 1325011 a composite number?
False
Is 2059 composite?
True
Is 11981 composite?
False
Is 1637 composite?
False
Is 53771 a composite number?
True
Is 11351 a prime number?
True
Is 205289 composite?
True
Is 94739 composite?
True
Is 413 a composite number?
True
Is 5221 composite?
True
Is 15349 prime?
True
Is 2165 a prime number?
False
Is 4193 a composite number?
True
Is 2566 a prime number?
False
Is 2605 prime?
False
Is 1108277 prime?
False
Is 493313 a prime number?
True
Is 1110815 a prime number?
False
Is 31987 a prime number?
False
Is 295819 composite?
False
Is 16963 a prime number?
True
Is 442619 a prime number?
True
Is 5273 a composite number?
False
Is 82981 prime?
True
Is 7913 composite?
True
Is 82003 a composite number?
False
Is 23101 a composite number?
True
Is 1384345 a composite number?
True
Is 782013 composite?
True
Is 39329 composite?
True
Is 8153 a composite number?
True
Is 888479 a prime number?
True
Is 34171 composite?
False
Is 13709 composite?
False
Is 151267 a composite number?
True
Is 2473 a prime number?
True
Is 10061 prime?
True
Is 8633 composite?
True
Is 51109 composite?
False
Is 313309 a prime number?
False
Is 24469 a prime number?
True
Is 97423 a composite number?
False
Is 21733 composite?
True
Is 20337 a composite number?
True
Is 2153 a composite number?
False
Is 282713 a prime number?
True
Is 1709 prime?
True
Is 25579 a composite number?
F